Last updated on 2025-07-25 08:50:00 CEST.
Flavor | Version | Tinstall | Tcheck | Ttotal | Status | Flags |
---|---|---|---|---|---|---|
r-devel-linux-x86_64-debian-clang | 0.6-15 | 9.40 | 72.56 | 81.96 | OK | |
r-devel-linux-x86_64-debian-gcc | 0.6-15 | 5.30 | 51.16 | 56.46 | OK | |
r-devel-linux-x86_64-fedora-clang | 0.6-15 | 132.07 | OK | |||
r-devel-linux-x86_64-fedora-gcc | 0.6-15 | 136.29 | OK | |||
r-devel-windows-x86_64 | 0.6-15 | 11.00 | 122.00 | 133.00 | OK | |
r-patched-linux-x86_64 | 0.6-15 | 9.80 | 69.02 | 78.82 | OK | |
r-release-linux-x86_64 | 0.6-15 | 9.26 | 69.33 | 78.59 | OK | |
r-release-macos-arm64 | 0.6-15 | 45.00 | OK | |||
r-release-macos-x86_64 | 0.6-15 | 114.00 | OK | |||
r-release-windows-x86_64 | 0.6-15 | 12.00 | 117.00 | 129.00 | OK | |
r-oldrel-macos-arm64 | 0.6-15 | 76.00 | NOTE | |||
r-oldrel-macos-x86_64 | 0.6-15 | 142.00 | NOTE | |||
r-oldrel-windows-x86_64 | 0.6-15 | 13.00 | 119.00 | 132.00 | NOTE |
Version: 0.6-15
Check: package dependencies
Result: NOTE
Package which this enhances but not available for checking: ‘Rcplex’
Flavors: r-oldrel-macos-arm64, r-oldrel-macos-x86_64, r-oldrel-windows-x86_64