Last updated on 2025-10-16 08:50:46 CEST.
Flavor | Version | Tinstall | Tcheck | Ttotal | Status | Flags |
---|---|---|---|---|---|---|
r-devel-linux-x86_64-debian-clang | 1.7-2 | 25.37 | 171.69 | 197.06 | NOTE | |
r-devel-linux-x86_64-debian-gcc | 1.7-2 | 21.23 | 124.00 | 145.23 | NOTE | |
r-devel-linux-x86_64-fedora-clang | 1.7-2 | 305.08 | OK | |||
r-devel-linux-x86_64-fedora-gcc | 1.7-2 | 295.69 | OK | |||
r-devel-windows-x86_64 | 1.7-2 | 23.00 | 146.00 | 169.00 | OK | |
r-patched-linux-x86_64 | 1.7-2 | 27.61 | 165.19 | 192.80 | OK | |
r-release-linux-x86_64 | 1.7-2 | 24.19 | 167.45 | 191.64 | OK | |
r-release-macos-arm64 | 1.7-2 | 67.00 | OK | |||
r-release-macos-x86_64 | 1.7-2 | 119.00 | OK | |||
r-release-windows-x86_64 | 1.7-2 | 22.00 | 147.00 | 169.00 | OK | |
r-oldrel-macos-arm64 | 1.7-2 | 65.00 | OK | |||
r-oldrel-macos-x86_64 | 1.7-2 | 93.00 | OK | |||
r-oldrel-windows-x86_64 | 1.7-2 | 30.00 | 186.00 | 216.00 | OK |
Version: 1.7-2
Check: CRAN incoming feasibility
Result: NOTE
Maintainer: ‘Mark S. Handcock <handcock@stat.ucla.edu>’
No Authors@R field in DESCRIPTION.
Please add one, modifying
Authors@R: person(given = c("Mark", "S."),
family = "Handcock",
role = c("aut", "cre"),
email = "handcock@stat.ucla.edu")
as necessary.
Flavors: r-devel-linux-x86_64-debian-clang, r-devel-linux-x86_64-debian-gcc