CRAN Package Check Results for Package robvis

Last updated on 2025-07-22 08:48:42 CEST.

Flavor Version Tinstall Tcheck Ttotal Status Flags
r-devel-linux-x86_64-debian-clang 0.3.0 3.05 102.61 105.66 NOTE
r-devel-linux-x86_64-debian-gcc 0.3.0 2.24 73.56 75.80 NOTE
r-devel-linux-x86_64-fedora-clang 0.3.0 154.83 OK
r-devel-linux-x86_64-fedora-gcc 0.3.0 163.95 OK
r-devel-windows-x86_64 0.3.0 4.00 84.00 88.00 OK
r-patched-linux-x86_64 0.3.0 3.22 97.11 100.33 OK
r-release-linux-x86_64 0.3.0 2.88 98.14 101.02 OK
r-release-macos-arm64 0.3.0 47.00 OK
r-release-macos-x86_64 0.3.0 83.00 OK
r-release-windows-x86_64 0.3.0 4.00 86.00 90.00 OK
r-oldrel-macos-arm64 0.3.0 49.00 OK
r-oldrel-macos-x86_64 0.3.0 101.00 OK
r-oldrel-windows-x86_64 0.3.0 6.00 112.00 118.00 OK

Check Details

Version: 0.3.0
Check: CRAN incoming feasibility
Result: NOTE Maintainer: ‘Luke McGuinness <luke.mcguinness@bristol.ac.uk>’ Package CITATION file contains call(s) to old-style citEntry(). Please use bibentry() instead. The BugReports field in DESCRIPTION has https://github.com/mcguinlu/robvis which should likely be https://github.com/mcguinlu/robvis/issues instead. Flavors: r-devel-linux-x86_64-debian-clang, r-devel-linux-x86_64-debian-gcc