Last updated on 2025-07-22 19:51:59 CEST.
Flavor | Version | Tinstall | Tcheck | Ttotal | Status | Flags |
---|---|---|---|---|---|---|
r-devel-linux-x86_64-debian-clang | 2.5.2 | 19.55 | 365.49 | 385.04 | OK | |
r-devel-linux-x86_64-debian-gcc | 2.5.2 | 12.66 | 242.94 | 255.60 | OK | |
r-devel-linux-x86_64-fedora-clang | 2.5.2 | 633.03 | OK | |||
r-devel-linux-x86_64-fedora-gcc | 2.5.2 | 586.57 | OK | |||
r-devel-windows-x86_64 | 2.5.2 | 25.00 | 345.00 | 370.00 | OK | |
r-patched-linux-x86_64 | 2.5.2 | 21.02 | 342.16 | 363.18 | OK | |
r-release-linux-x86_64 | 2.5.2 | 15.81 | 344.88 | 360.69 | OK | |
r-release-macos-arm64 | 2.5.2 | 163.00 | OK | |||
r-release-macos-x86_64 | 2.5.2 | 322.00 | OK | |||
r-release-windows-x86_64 | 2.5.2 | 25.00 | 335.00 | 360.00 | OK | |
r-oldrel-macos-arm64 | 2.5.2 | 116.00 | NOTE | |||
r-oldrel-macos-x86_64 | 2.5.2 | 313.00 | NOTE | |||
r-oldrel-windows-x86_64 | 2.5.2 | 32.00 | 461.00 | 493.00 | NOTE |
Version: 2.5.2
Check: installed package size
Result: NOTE
installed size is 17.5Mb
sub-directories of 1Mb or more:
doc 15.2Mb
Flavors: r-oldrel-macos-arm64, r-oldrel-macos-x86_64, r-oldrel-windows-x86_64