Last updated on 2025-10-21 19:51:36 CEST.
Flavor | Version | Tinstall | Tcheck | Ttotal | Status | Flags |
---|---|---|---|---|---|---|
r-devel-linux-x86_64-debian-clang | 0.0.11 | 2.50 | 49.93 | 52.43 | NOTE | |
r-devel-linux-x86_64-debian-gcc | 0.0.11 | 2.35 | 35.51 | 37.86 | NOTE | |
r-devel-linux-x86_64-fedora-clang | 0.0.11 | 78.85 | OK | |||
r-devel-linux-x86_64-fedora-gcc | 0.0.11 | 77.65 | OK | |||
r-devel-windows-x86_64 | 0.0.11 | 5.00 | 62.00 | 67.00 | OK | |
r-patched-linux-x86_64 | 0.0.11 | 3.21 | 46.07 | 49.28 | OK | |
r-release-linux-x86_64 | 0.0.11 | 3.32 | 45.82 | 49.14 | OK | |
r-release-macos-arm64 | 0.0.11 | 2.00 | 28.00 | 30.00 | OK | |
r-release-macos-x86_64 | 0.0.11 | 3.00 | 48.00 | 51.00 | OK | |
r-release-windows-x86_64 | 0.0.11 | 5.00 | 64.00 | 69.00 | OK | |
r-oldrel-macos-arm64 | 0.0.11 | 2.00 | 29.00 | 31.00 | OK | |
r-oldrel-macos-x86_64 | 0.0.11 | 3.00 | 46.00 | 49.00 | OK | |
r-oldrel-windows-x86_64 | 0.0.11 | 6.00 | 77.00 | 83.00 | OK |
Version: 0.0.11
Check: HTML version of manual
Result: NOTE
Found the following HTML validation problems:
is.tide_harmonics.html:46:1 (is.tide_harmonics.Rd:10): Warning: missing </ul> before </div>
tide_stations.html:50:1 (tide_stations.Rd:12): Warning: missing </ul> before </div>
Flavors: r-devel-linux-x86_64-debian-clang, r-devel-linux-x86_64-debian-gcc