Last updated on 2025-07-22 19:52:00 CEST.
Flavor | Version | Tinstall | Tcheck | Ttotal | Status | Flags |
---|---|---|---|---|---|---|
r-devel-linux-x86_64-debian-clang | 0.3.1 | 21.20 | 324.45 | 345.65 | OK | |
r-devel-linux-x86_64-debian-gcc | 0.3.1 | 15.55 | 210.53 | 226.08 | OK | |
r-devel-linux-x86_64-fedora-clang | FAIL | |||||
r-devel-linux-x86_64-fedora-gcc | 0.3.1 | 575.53 | OK | |||
r-devel-windows-x86_64 | 0.3.1 | 26.00 | 318.00 | 344.00 | OK | |
r-patched-linux-x86_64 | 0.3.1 | 22.85 | 302.80 | 325.65 | OK | |
r-release-linux-x86_64 | 0.3.1 | 19.24 | 303.60 | 322.84 | OK | |
r-release-macos-arm64 | 0.3.1 | 154.00 | OK | |||
r-release-macos-x86_64 | 0.3.1 | 487.00 | OK | |||
r-release-windows-x86_64 | 0.3.1 | 24.00 | 329.00 | 353.00 | OK | |
r-oldrel-macos-arm64 | 0.3.1 | 154.00 | OK | |||
r-oldrel-macos-x86_64 | 0.3.1 | 214.00 | OK | |||
r-oldrel-windows-x86_64 | 0.3.1 | 33.00 | 437.00 | 470.00 | OK |
Version: 0.3.1
Check: re-building of vignette outputs
Result: FAIL
Flavor: r-devel-linux-x86_64-fedora-clang