Last updated on 2025-10-21 08:50:57 CEST.
Flavor | Version | Tinstall | Tcheck | Ttotal | Status | Flags |
---|---|---|---|---|---|---|
r-devel-linux-x86_64-debian-clang | 0.1.0 | 5.47 | 47.54 | 53.01 | OK | |
r-devel-linux-x86_64-debian-gcc | 0.1.0 | 3.99 | 35.90 | 39.89 | NOTE | |
r-devel-linux-x86_64-fedora-clang | 0.1.0 | 77.00 | OK | |||
r-devel-linux-x86_64-fedora-gcc | 0.1.0 | 76.03 | OK | |||
r-devel-windows-x86_64 | 0.1.0 | 8.00 | 60.00 | 68.00 | OK | |
r-patched-linux-x86_64 | 0.1.0 | 4.71 | 42.87 | 47.58 | OK | |
r-release-linux-x86_64 | 0.1.0 | 5.54 | 42.48 | 48.02 | OK | |
r-release-macos-arm64 | 0.1.0 | 32.00 | OK | |||
r-release-macos-x86_64 | 0.1.0 | 46.00 | OK | |||
r-release-windows-x86_64 | 0.1.0 | 8.00 | 64.00 | 72.00 | OK | |
r-oldrel-macos-arm64 | 0.1.0 | 29.00 | NOTE | |||
r-oldrel-macos-x86_64 | 0.1.0 | 40.00 | NOTE | |||
r-oldrel-windows-x86_64 | 0.1.0 | 10.00 | 71.00 | 81.00 | NOTE |
Version: 0.1.0
Check: HTML version of manual
Result: NOTE
Found the following HTML validation problems:
parse_port.html:46:1 (parse_port.Rd:10): Warning: missing </ul> before </div>
parse_timepoint.html:46:1 (parse_timepoint.Rd:10): Warning: missing </ul> before </div>
parse_timeseries.html:46:1 (parse_timeseries.Rd:10): Warning: missing </ul> before </div>
Flavor: r-devel-linux-x86_64-debian-gcc
Version: 0.1.0
Check: LazyData
Result: NOTE
'LazyData' is specified without a 'data' directory
Flavors: r-oldrel-macos-arm64, r-oldrel-macos-x86_64, r-oldrel-windows-x86_64