CRAN Package Check Results for Package saws

Last updated on 2025-07-26 08:49:36 CEST.

Flavor Version Tinstall Tcheck Ttotal Status Flags
r-devel-linux-x86_64-debian-clang 0.9-7.0 2.27 24.40 26.67 NOTE
r-devel-linux-x86_64-debian-gcc 0.9-7.0 1.75 19.88 21.63 NOTE
r-devel-linux-x86_64-fedora-clang 0.9-7.0 42.50 OK
r-devel-linux-x86_64-fedora-gcc 0.9-7.0 38.66 OK
r-devel-windows-x86_64 0.9-7.0 5.00 56.00 61.00 OK
r-patched-linux-x86_64 0.9-7.0 2.65 22.60 25.25 OK
r-release-linux-x86_64 0.9-7.0 2.23 22.87 25.10 OK
r-release-macos-arm64 0.9-7.0 26.00 OK
r-release-macos-x86_64 0.9-7.0 28.00 OK
r-release-windows-x86_64 0.9-7.0 4.00 72.00 76.00 OK
r-oldrel-macos-arm64 0.9-7.0 15.00 OK
r-oldrel-macos-x86_64 0.9-7.0 24.00 OK
r-oldrel-windows-x86_64 0.9-7.0 3.00 49.00 52.00 OK

Check Details

Version: 0.9-7.0
Check: CRAN incoming feasibility
Result: NOTE Maintainer: ‘Michael P. Fay <mfay@niaid.nih.gov>’ No Authors@R field in DESCRIPTION. Please add one, modifying Authors@R: person(given = c("Michael", "P."), family = "Fay", role = c("aut", "cre"), email = "mfay@niaid.nih.gov") as necessary. Package CITATION file contains call(s) to old-style personList() or as.personList(). Please use c() on person objects instead. Package CITATION file contains call(s) to old-style citEntry(). Please use bibentry() instead. Flavors: r-devel-linux-x86_64-debian-clang, r-devel-linux-x86_64-debian-gcc