Last updated on 2025-04-30 20:50:28 CEST.
Flavor | Version | Tinstall | Tcheck | Ttotal | Status | Flags |
---|---|---|---|---|---|---|
r-devel-linux-x86_64-debian-clang | 2.4.1 | 19.46 | 153.76 | 173.22 | NOTE | |
r-devel-linux-x86_64-debian-gcc | 2.4.1 | 12.14 | 109.02 | 121.16 | NOTE | |
r-devel-linux-x86_64-fedora-clang | 2.4.1 | 285.02 | OK | |||
r-devel-linux-x86_64-fedora-gcc | 2.4.1 | 241.09 | OK | |||
r-devel-windows-x86_64 | 2.4.1 | 20.00 | 138.00 | 158.00 | OK | |
r-patched-linux-x86_64 | 2.4.1 | 19.29 | 145.21 | 164.50 | OK | |
r-release-linux-x86_64 | 2.4.1 | 19.43 | 142.34 | 161.77 | OK | |
r-release-macos-arm64 | 2.4.1 | 69.00 | OK | |||
r-release-macos-x86_64 | 2.4.1 | 130.00 | OK | |||
r-release-windows-x86_64 | 2.4.1 | 21.00 | 135.00 | 156.00 | OK | |
r-oldrel-macos-arm64 | 2.4.1 | 57.00 | OK | |||
r-oldrel-macos-x86_64 | 2.4.1 | 99.00 | OK | |||
r-oldrel-windows-x86_64 | 2.4.1 | 26.00 | 177.00 | 203.00 | OK |
Version: 2.4.1
Check: CRAN incoming feasibility
Result: NOTE
Maintainer: ‘Marko Robnik-Sikonja <marko.robnik@fri.uni-lj.si>’
No Authors@R field in DESCRIPTION.
Please add one, modifying
Authors@R: person(given = "Marko",
family = "Robnik-Sikonja",
role = c("aut", "cre"),
email = "marko.robnik@fri.uni-lj.si")
as necessary.
Flavors: r-devel-linux-x86_64-debian-clang, r-devel-linux-x86_64-debian-gcc