Last updated on 2025-07-21 20:50:16 CEST.
Flavor | Version | Tinstall | Tcheck | Ttotal | Status | Flags |
---|---|---|---|---|---|---|
r-devel-linux-x86_64-debian-clang | 4.2-36 | 14.89 | 106.78 | 121.67 | OK | |
r-devel-linux-x86_64-debian-gcc | 4.2-36 | 10.06 | 78.80 | 88.86 | OK | |
r-devel-linux-x86_64-fedora-clang | 4.2-36 | 195.11 | OK | |||
r-devel-linux-x86_64-fedora-gcc | 4.2-36 | 178.00 | OK | |||
r-devel-windows-x86_64 | 4.2-36 | 19.00 | 148.00 | 167.00 | OK | |
r-patched-linux-x86_64 | 4.2-36 | 16.66 | 100.73 | 117.39 | OK | |
r-release-linux-x86_64 | 4.2-36 | 13.25 | 101.26 | 114.51 | OK | |
r-release-macos-arm64 | 4.2-36 | 69.00 | OK | |||
r-release-macos-x86_64 | 4.2-36 | 128.00 | OK | |||
r-release-windows-x86_64 | 4.2-36 | 23.00 | 151.00 | 174.00 | OK | |
r-oldrel-macos-arm64 | 4.2-36 | 58.00 | NOTE | |||
r-oldrel-macos-x86_64 | 4.2-36 | 131.00 | NOTE | |||
r-oldrel-windows-x86_64 | 4.2-36 | 24.00 | 182.00 | 206.00 | NOTE |
Version: 4.2-36
Check: installed package size
Result: NOTE
installed size is 5.5Mb
sub-directories of 1Mb or more:
data 1.4Mb
sequences 1.9Mb
Flavors: r-oldrel-macos-arm64, r-oldrel-macos-x86_64, r-oldrel-windows-x86_64