CRAN Package Check Results for Package swa

Last updated on 2025-09-30 20:50:53 CEST.

Flavor Version Tinstall Tcheck Ttotal Status Flags
r-devel-linux-x86_64-debian-clang 0.8.1 5.86 58.81 64.67 NOTE
r-devel-linux-x86_64-debian-gcc 0.8.1 3.79 43.21 47.00 NOTE
r-devel-linux-x86_64-fedora-clang 0.8.1 96.72 OK
r-devel-linux-x86_64-fedora-gcc 0.8.1 93.47 OK
r-devel-windows-x86_64 0.8.1 7.00 75.00 82.00 OK
r-patched-linux-x86_64 0.8.1 5.76 54.80 60.56 OK
r-release-linux-x86_64 0.8.1 5.03 54.55 59.58 OK
r-release-macos-arm64 0.8.1 28.00 OK
r-release-macos-x86_64 0.8.1 48.00 OK
r-release-windows-x86_64 0.8.1 8.00 74.00 82.00 OK
r-oldrel-macos-arm64 0.8.1 26.00 NOTE
r-oldrel-macos-x86_64 0.8.1 39.00 NOTE
r-oldrel-windows-x86_64 0.8.1 10.00 87.00 97.00 NOTE

Check Details

Version: 0.8.1
Check: CRAN incoming feasibility
Result: NOTE Maintainer: ‘Xingye Qiao <qiao@math.binghamton.edu>’ Found the following \keyword or \concept entries which likely give several index terms: File ‘swa.Rd’: \keyword{classification,} \keyword{selection,} Flavors: r-devel-linux-x86_64-debian-clang, r-devel-linux-x86_64-debian-gcc

Version: 0.8.1
Check: LazyData
Result: NOTE 'LazyData' is specified without a 'data' directory Flavors: r-oldrel-macos-arm64, r-oldrel-macos-x86_64, r-oldrel-windows-x86_64