CRAN Package Check Results for Package tci

Last updated on 2025-07-22 08:48:46 CEST.

Flavor Version Tinstall Tcheck Ttotal Status Flags
r-devel-linux-x86_64-debian-clang 0.2.0 32.09 192.58 224.67 NOTE
r-devel-linux-x86_64-debian-gcc 0.2.0 24.23 161.10 185.33 NOTE
r-devel-linux-x86_64-fedora-clang 0.2.0 322.54 NOTE
r-devel-linux-x86_64-fedora-gcc 0.2.0 350.00 NOTE
r-devel-windows-x86_64 0.2.0 38.00 198.00 236.00 NOTE
r-patched-linux-x86_64 0.2.0 34.23 206.05 240.28 NOTE
r-release-linux-x86_64 0.2.0 32.93 208.79 241.72 NOTE
r-release-macos-arm64 0.2.0 94.00 NOTE
r-release-macos-x86_64 0.2.0 155.00 NOTE
r-release-windows-x86_64 0.2.0 41.00 193.00 234.00 NOTE
r-oldrel-macos-arm64 0.2.0 80.00 NOTE
r-oldrel-macos-x86_64 0.2.0 122.00 NOTE
r-oldrel-windows-x86_64 0.2.0 46.00 258.00 304.00 NOTE

Check Details

Version: 0.2.0
Check: C++ specification
Result: NOTE Specified C++11: please drop specification unless essential Flavors: r-devel-linux-x86_64-debian-clang, r-devel-linux-x86_64-debian-gcc, r-devel-linux-x86_64-fedora-clang, r-devel-linux-x86_64-fedora-gcc, r-devel-windows-x86_64, r-patched-linux-x86_64, r-release-linux-x86_64, r-release-macos-arm64, r-release-macos-x86_64, r-release-windows-x86_64, r-oldrel-macos-arm64, r-oldrel-macos-x86_64, r-oldrel-windows-x86_64

Version: 0.2.0
Check: dependencies in R code
Result: NOTE Namespaces in Imports field not imported from: ‘gridExtra’ ‘reshape2’ ‘truncnorm’ ‘xtable’ All declared Imports should be used. Flavors: r-devel-linux-x86_64-fedora-clang, r-devel-linux-x86_64-fedora-gcc