Last updated on 2025-11-09 19:51:15 CET.
| Flavor | Version | Tinstall | Tcheck | Ttotal | Status | Flags |
|---|---|---|---|---|---|---|
| r-devel-linux-x86_64-debian-clang | 0.1.4 | 1.26 | 22.53 | 23.79 | OK | |
| r-devel-linux-x86_64-debian-gcc | 0.1.4 | 1.32 | 18.60 | 19.92 | OK | |
| r-devel-linux-x86_64-fedora-clang | 0.1.4 | 33.34 | OK | |||
| r-devel-linux-x86_64-fedora-gcc | 0.1.4 | 31.48 | OK | |||
| r-devel-windows-x86_64 | 0.1.4 | 3.00 | 45.00 | 48.00 | OK | |
| r-patched-linux-x86_64 | 0.1.4 | 1.49 | 20.03 | 21.52 | OK | |
| r-release-linux-x86_64 | 0.1.4 | 1.50 | 19.97 | 21.47 | OK | |
| r-release-macos-arm64 | 0.1.4 | 1.00 | 17.00 | 18.00 | OK | |
| r-release-macos-x86_64 | 0.1.4 | 2.00 | 26.00 | 28.00 | OK | |
| r-release-windows-x86_64 | 0.1.4 | 3.00 | 45.00 | 48.00 | OK | |
| r-oldrel-macos-arm64 | 0.1.4 | 1.00 | 14.00 | 15.00 | NOTE | |
| r-oldrel-macos-x86_64 | 0.1.4 | 1.00 | 22.00 | 23.00 | NOTE | |
| r-oldrel-windows-x86_64 | 0.1.4 | 3.00 | 49.00 | 52.00 | NOTE |
Version: 0.1.4
Check: LazyData
Result: NOTE
'LazyData' is specified without a 'data' directory
Flavors: r-oldrel-macos-arm64, r-oldrel-macos-x86_64, r-oldrel-windows-x86_64