Last updated on 2025-11-09 19:51:15 CET.
| Flavor | Version | Tinstall | Tcheck | Ttotal | Status | Flags |
|---|---|---|---|---|---|---|
| r-devel-linux-x86_64-debian-clang | 0.1.0 | 16.00 | 24.05 | 40.05 | NOTE | |
| r-devel-linux-x86_64-debian-gcc | 0.1.0 | 10.40 | 19.22 | 29.62 | NOTE | |
| r-devel-linux-x86_64-fedora-clang | 0.1.0 | 43.00 | 30.57 | 73.57 | NOTE | |
| r-devel-linux-x86_64-fedora-gcc | 0.1.0 | 76.00 | -8.52 | 67.48 | NOTE | |
| r-devel-windows-x86_64 | 0.1.0 | 20.00 | 56.00 | 76.00 | NOTE | |
| r-patched-linux-x86_64 | 0.1.0 | 15.16 | 23.31 | 38.47 | NOTE | |
| r-release-linux-x86_64 | 0.1.0 | 14.58 | 23.11 | 37.69 | NOTE | |
| r-release-macos-arm64 | 0.1.0 | 7.00 | 20.00 | 27.00 | NOTE | |
| r-release-macos-x86_64 | 0.1.0 | 10.00 | 26.00 | 36.00 | NOTE | |
| r-release-windows-x86_64 | 0.1.0 | 20.00 | 54.00 | 74.00 | NOTE | |
| r-oldrel-macos-arm64 | 0.1.0 | 9.00 | 14.00 | 23.00 | NOTE | |
| r-oldrel-macos-x86_64 | 0.1.0 | 10.00 | 21.00 | 31.00 | NOTE | |
| r-oldrel-windows-x86_64 | 0.1.0 | 22.00 | 70.00 | 92.00 | NOTE |
Version: 0.1.0
Check: C++ specification
Result: NOTE
Specified C++11: please drop specification unless essential
Flavors: r-devel-linux-x86_64-debian-clang, r-devel-linux-x86_64-debian-gcc, r-devel-linux-x86_64-fedora-clang, r-devel-linux-x86_64-fedora-gcc, r-devel-windows-x86_64, r-patched-linux-x86_64, r-release-linux-x86_64, r-release-macos-arm64, r-release-macos-x86_64, r-release-windows-x86_64, r-oldrel-macos-arm64, r-oldrel-macos-x86_64, r-oldrel-windows-x86_64
Version: 0.1.0
Check: LazyData
Result: NOTE
'LazyData' is specified without a 'data' directory
Flavors: r-oldrel-macos-arm64, r-oldrel-macos-x86_64, r-oldrel-windows-x86_64