Last updated on 2025-10-20 20:49:42 CEST.
Flavor | Version | Tinstall | Tcheck | Ttotal | Status | Flags |
---|---|---|---|---|---|---|
r-devel-linux-x86_64-debian-clang | 0.1.21 | 7.59 | 104.56 | 112.15 | NOTE | |
r-devel-linux-x86_64-debian-gcc | 0.1.21 | 5.16 | 73.27 | 78.43 | NOTE | |
r-devel-linux-x86_64-fedora-clang | 0.1.21 | 176.05 | OK | |||
r-devel-linux-x86_64-fedora-gcc | 0.1.21 | 156.80 | OK | |||
r-devel-windows-x86_64 | 0.1.21 | 12.00 | 105.00 | 117.00 | OK | |
r-patched-linux-x86_64 | 0.1.21 | 6.79 | 94.33 | 101.12 | OK | |
r-release-linux-x86_64 | 0.1.21 | 6.39 | 94.08 | 100.47 | OK | |
r-release-macos-arm64 | 0.1.21 | 42.00 | OK | |||
r-release-macos-x86_64 | 0.1.21 | 77.00 | OK | |||
r-release-windows-x86_64 | 0.1.21 | 11.00 | 108.00 | 119.00 | OK | |
r-oldrel-macos-arm64 | 0.1.21 | 39.00 | NOTE | |||
r-oldrel-macos-x86_64 | 0.1.21 | 62.00 | NOTE | |||
r-oldrel-windows-x86_64 | 0.1.21 | 16.00 | 130.00 | 146.00 | NOTE |
Version: 0.1.21
Check: CRAN incoming feasibility
Result: NOTE
Maintainer: ‘vincent guyader <vincent@thinkr.fr>’
No Authors@R field in DESCRIPTION.
Please add one, modifying
Authors@R: person(given = "vincent",
family = "guyader",
role = c("aut", "cre"),
email = "vincent@thinkr.fr")
as necessary.
Flavors: r-devel-linux-x86_64-debian-clang, r-devel-linux-x86_64-debian-gcc
Version: 0.1.21
Check: HTML version of manual
Result: NOTE
Found the following HTML validation problems:
Llosa.html:46:1 (Llosa.Rd:10): Warning: missing </ul> before </div>
Flavor: r-devel-linux-x86_64-debian-gcc
Version: 0.1.21
Check: LazyData
Result: NOTE
'LazyData' is specified without a 'data' directory
Flavors: r-oldrel-macos-arm64, r-oldrel-macos-x86_64, r-oldrel-windows-x86_64