Last updated on 2025-07-22 08:48:47 CEST.
Flavor | Version | Tinstall | Tcheck | Ttotal | Status | Flags |
---|---|---|---|---|---|---|
r-devel-linux-x86_64-debian-clang | 1.2.0 | 27.36 | 68.03 | 95.39 | OK | |
r-devel-linux-x86_64-debian-gcc | 1.2.0 | 15.90 | 49.87 | 65.77 | OK | |
r-devel-linux-x86_64-fedora-clang | 1.2.0 | 153.16 | OK | |||
r-devel-linux-x86_64-fedora-gcc | 1.2.0 | 159.27 | OK | |||
r-devel-windows-x86_64 | 1.2.0 | 27.00 | 86.00 | 113.00 | OK | |
r-patched-linux-x86_64 | 1.2.0 | 27.21 | 65.44 | 92.65 | OK | |
r-release-linux-x86_64 | 1.2.0 | 25.41 | 63.92 | 89.33 | OK | |
r-release-macos-arm64 | 1.2.0 | 110.00 | OK | |||
r-release-macos-x86_64 | 1.2.0 | 101.00 | OK | |||
r-release-windows-x86_64 | 1.2.0 | 27.00 | 88.00 | 115.00 | OK | |
r-oldrel-macos-arm64 | 1.2.0 | 56.00 | NOTE | |||
r-oldrel-macos-x86_64 | 1.2.0 | 89.00 | NOTE | |||
r-oldrel-windows-x86_64 | 1.2.0 | 40.00 | 105.00 | 145.00 | NOTE |
Version: 1.2.0
Check: installed package size
Result: NOTE
installed size is 7.3Mb
sub-directories of 1Mb or more:
R 2.0Mb
threeBrainJS 2.9Mb
Flavors: r-oldrel-macos-arm64, r-oldrel-macos-x86_64, r-oldrel-windows-x86_64