Last updated on 2025-10-21 08:51:01 CEST.
Flavor | Version | Tinstall | Tcheck | Ttotal | Status | Flags |
---|---|---|---|---|---|---|
r-devel-linux-x86_64-debian-clang | 1.0.3 | 6.82 | 39.63 | 46.45 | NOTE | |
r-devel-linux-x86_64-debian-gcc | 1.0.3 | 4.31 | 27.43 | 31.74 | NOTE | |
r-devel-linux-x86_64-fedora-clang | 1.0.3 | 76.53 | OK | |||
r-devel-linux-x86_64-fedora-gcc | 1.0.3 | 67.89 | OK | |||
r-devel-windows-x86_64 | 1.0.3 | 7.00 | 53.00 | 60.00 | OK | |
r-patched-linux-x86_64 | 1.0.3 | 7.44 | 36.99 | 44.43 | OK | |
r-release-linux-x86_64 | 1.0.3 | 6.29 | 37.07 | 43.36 | OK | |
r-release-macos-arm64 | 1.0.3 | 23.00 | OK | |||
r-release-macos-x86_64 | 1.0.3 | 42.00 | OK | |||
r-release-windows-x86_64 | 1.0.3 | 6.00 | 54.00 | 60.00 | OK | |
r-oldrel-macos-arm64 | 1.0.3 | 25.00 | OK | |||
r-oldrel-macos-x86_64 | 1.0.3 | 33.00 | OK | |||
r-oldrel-windows-x86_64 | 1.0.3 | 7.00 | 62.00 | 69.00 | OK |
Version: 1.0.3
Check: CRAN incoming feasibility
Result: NOTE
Maintainer: ‘Peter Reichert <peter.reichert@emeriti.eawag.ch>’
No Authors@R field in DESCRIPTION.
Please add one, modifying
Authors@R: person(given = "Peter",
family = "Reichert",
role = c("aut", "cre"),
email = "peter.reichert@emeriti.eawag.ch")
as necessary.
Flavors: r-devel-linux-x86_64-debian-clang, r-devel-linux-x86_64-debian-gcc
Version: 1.0.3
Check: HTML version of manual
Result: NOTE
Found the following HTML validation problems:
plot.timedeppar.html:144:1 (plot.timedeppar.Rd:79): Warning: missing </ul> before </div>
Flavor: r-devel-linux-x86_64-debian-gcc