CRAN Package Check Results for Package tinythemes

Last updated on 2025-09-30 20:50:54 CEST.

Flavor Version Tinstall Tcheck Ttotal Status Flags
r-devel-linux-x86_64-debian-clang 0.0.3 5.13 54.35 59.48 NOTE
r-devel-linux-x86_64-debian-gcc 0.0.3 3.91 41.86 45.77 NOTE
r-devel-linux-x86_64-fedora-clang 0.0.3 92.91 NOTE
r-devel-linux-x86_64-fedora-gcc 0.0.3 90.88 NOTE
r-devel-windows-x86_64 0.0.3 7.00 61.00 68.00 OK
r-patched-linux-x86_64 0.0.3 4.96 49.72 54.68 NOTE
r-release-linux-x86_64 0.0.3 5.08 49.81 54.89 NOTE
r-release-macos-arm64 0.0.3 26.00 OK
r-release-macos-x86_64 0.0.3 37.00 OK
r-release-windows-x86_64 0.0.3 7.00 61.00 68.00 OK
r-oldrel-macos-arm64 0.0.3 28.00 OK
r-oldrel-macos-x86_64 0.0.3 39.00 OK
r-oldrel-windows-x86_64 0.0.3 9.00 73.00 82.00 OK

Check Details

Version: 0.0.3
Check: Rd cross-references
Result: NOTE Unknown package ‘hrbrthemes’ in Rd xrefs Flavors: r-devel-linux-x86_64-debian-clang, r-devel-linux-x86_64-debian-gcc, r-devel-linux-x86_64-fedora-clang, r-devel-linux-x86_64-fedora-gcc, r-patched-linux-x86_64, r-release-linux-x86_64