CRAN Package Check Results for Package unheadr

Last updated on 2025-07-22 19:52:04 CEST.

Flavor Version Tinstall Tcheck Ttotal Status Flags
r-devel-linux-x86_64-debian-clang 0.4.0 2.58 40.07 42.65 NOTE
r-devel-linux-x86_64-debian-gcc 0.4.0 2.23 31.28 33.51 NOTE
r-devel-linux-x86_64-fedora-clang 0.4.0 70.65 NOTE
r-devel-linux-x86_64-fedora-gcc 0.4.0 78.22 NOTE
r-devel-windows-x86_64 0.4.0 4.00 156.00 160.00 NOTE
r-patched-linux-x86_64 0.4.0 3.02 37.47 40.49 NOTE
r-release-linux-x86_64 0.4.0 2.00 37.13 39.13 NOTE
r-release-macos-arm64 0.4.0 37.00 NOTE
r-release-macos-x86_64 0.4.0 57.00 NOTE
r-release-windows-x86_64 0.4.0 5.00 63.00 68.00 NOTE
r-oldrel-macos-arm64 0.4.0 32.00 OK
r-oldrel-macos-x86_64 0.4.0 45.00 OK
r-oldrel-windows-x86_64 0.4.0 7.00 72.00 79.00 OK

Check Details

Version: 0.4.0
Check: DESCRIPTION meta-information
Result: NOTE Missing dependency on R >= 4.1.0 because package code uses the pipe |> or function shorthand \(...) syntax added in R 4.1.0. File(s) using such syntax: ‘annotate_mf.R’ ‘annotate_mf_all.R’ Flavors: r-devel-linux-x86_64-debian-clang, r-devel-linux-x86_64-debian-gcc, r-devel-linux-x86_64-fedora-clang, r-devel-linux-x86_64-fedora-gcc, r-devel-windows-x86_64, r-patched-linux-x86_64, r-release-linux-x86_64, r-release-macos-arm64, r-release-macos-x86_64, r-release-windows-x86_64