CRAN Package Check Results for Package valmetrics

Last updated on 2025-11-09 07:50:09 CET.

Flavor Version Tinstall Tcheck Ttotal Status Flags
r-devel-linux-x86_64-debian-clang 1.0.0 2.26 26.23 28.49 OK
r-devel-linux-x86_64-debian-gcc 1.0.0 1.67 20.51 22.18 OK
r-devel-linux-x86_64-fedora-clang 1.0.0 41.50 OK
r-devel-linux-x86_64-fedora-gcc 1.0.0 55.02 OK
r-devel-windows-x86_64 1.0.0 6.00 49.00 55.00 OK
r-patched-linux-x86_64 1.0.0 2.79 24.79 27.58 OK
r-release-linux-x86_64 1.0.0 2.02 24.52 26.54 OK
r-release-macos-arm64 1.0.0 1.00 23.00 24.00 OK
r-release-macos-x86_64 1.0.0 2.00 38.00 40.00 OK
r-release-windows-x86_64 1.0.0 5.00 49.00 54.00 OK
r-oldrel-macos-arm64 1.0.0 1.00 21.00 22.00 NOTE
r-oldrel-macos-x86_64 1.0.0 2.00 30.00 32.00 NOTE
r-oldrel-windows-x86_64 1.0.0 4.00 58.00 62.00 NOTE

Check Details

Version: 1.0.0
Check: LazyData
Result: NOTE 'LazyData' is specified without a 'data' directory Flavors: r-oldrel-macos-arm64, r-oldrel-macos-x86_64, r-oldrel-windows-x86_64