Last updated on 2025-11-09 07:50:09 CET.
| Flavor | Version | Tinstall | Tcheck | Ttotal | Status | Flags |
|---|---|---|---|---|---|---|
| r-devel-linux-x86_64-debian-clang | 1.0.7 | 24.08 | 112.71 | 136.79 | OK | |
| r-devel-linux-x86_64-debian-gcc | 1.0.7 | 19.10 | 77.29 | 96.39 | OK | |
| r-devel-linux-x86_64-fedora-clang | 1.0.7 | 110.00 | 106.82 | 216.82 | OK | |
| r-devel-linux-x86_64-fedora-gcc | 1.0.7 | 56.00 | 141.83 | 197.83 | OK | |
| r-devel-windows-x86_64 | 1.0.7 | 30.00 | 114.00 | 144.00 | OK | |
| r-patched-linux-x86_64 | 1.0.7 | 23.23 | 104.61 | 127.84 | OK | |
| r-release-linux-x86_64 | 1.0.7 | 22.80 | 103.70 | 126.50 | OK | |
| r-release-macos-arm64 | 1.0.7 | 12.00 | 48.00 | 60.00 | OK | |
| r-release-macos-x86_64 | 1.0.7 | 20.00 | 91.00 | 111.00 | OK | |
| r-release-windows-x86_64 | 1.0.7 | 27.00 | 115.00 | 142.00 | OK | |
| r-oldrel-macos-arm64 | 1.0.7 | 13.00 | 49.00 | 62.00 | NOTE | |
| r-oldrel-macos-x86_64 | 1.0.7 | 23.00 | 97.00 | 120.00 | NOTE | |
| r-oldrel-windows-x86_64 | 1.0.7 | 36.00 | 147.00 | 183.00 | NOTE |
Version: 1.0.7
Check: installed package size
Result: NOTE
installed size is 6.4Mb
sub-directories of 1Mb or more:
data 6.0Mb
Flavors: r-oldrel-macos-arm64, r-oldrel-macos-x86_64, r-oldrel-windows-x86_64