CRAN Package Check Results for Package wpp2019

Last updated on 2025-07-21 20:50:22 CEST.

Flavor Version Tinstall Tcheck Ttotal Status Flags
r-devel-linux-x86_64-debian-clang 1.1-1 1.72 45.12 46.84 NOTE
r-devel-linux-x86_64-debian-gcc 1.1-1 1.36 36.36 37.72 NOTE
r-devel-linux-x86_64-fedora-clang 1.1-1 60.14 OK
r-devel-linux-x86_64-fedora-gcc 1.1-1 57.88 OK
r-devel-windows-x86_64 1.1-1 5.00 61.00 66.00 OK
r-patched-linux-x86_64 1.1-1 1.99 41.09 43.08 OK
r-release-linux-x86_64 1.1-1 1.67 40.32 41.99 OK
r-release-macos-arm64 1.1-1 26.00 OK
r-release-macos-x86_64 1.1-1 41.00 OK
r-release-windows-x86_64 1.1-1 5.00 61.00 66.00 OK
r-oldrel-macos-arm64 1.1-1 34.00 NOTE
r-oldrel-macos-x86_64 1.1-1 47.00 NOTE
r-oldrel-windows-x86_64 1.1-1 6.00 70.00 76.00 NOTE

Check Details

Version: 1.1-1
Check: CRAN incoming feasibility
Result: NOTE Maintainer: ‘Hana Sevcikova <hanas@uw.edu>’ No Authors@R field in DESCRIPTION. Please add one, modifying Authors@R: c(person(given = c("United", "Nations", "Population"), family = "Division", role = "aut"), person(given = "Hana", family = "Sevcikova", role = "cre", email = "hanas@uw.edu")) as necessary. Flavors: r-devel-linux-x86_64-debian-clang, r-devel-linux-x86_64-debian-gcc

Version: 1.1-1
Check: installed package size
Result: NOTE installed size is 11.4Mb sub-directories of 1Mb or more: data 11.3Mb Flavors: r-oldrel-macos-arm64, r-oldrel-macos-x86_64, r-oldrel-windows-x86_64